alculate the greatest common divisor of 2 and 2422.
2
What is the greatest common factor of 75 and 25?
25
What is the highest common divisor of 561 and 33?
33
Calculate the highest common factor of 204 and 9384.
204
Calculate the highest common divisor of 203 and 290.
29
What is the highest common divisor of 832 and 26?
26
Calculate the highest common factor of 36 and 918.
18
What is the highest common divisor of 624 and 4576?
208
Calculate the greatest common factor of 475 and 5035.
95
Calculate the highest common divisor of 2548 and 68.
4
Calculate the greatest common divisor of 580 and 406.
58
What is the highest common divisor of 312 and 195?
39
What is the highest common divisor of 400 and 25?
25
Calculate the greatest common factor of 319 and 11.
11
What is the highest common divisor of 65 and 25?
5
What is the highest common factor of 39 and 507?
39
Calculate the greatest common divisor of 40 and 64.
8
Calculate the highest common factor of 42 and 2786.
14
What is the highest common divisor of 1359 and 27?
9
What is the highest common factor of 42 and 532?
14
What is the greatest common factor of 1035 and 45?
45
What is the greatest common divisor of 1305 and 18?
9
What is the highest common factor of 14 and 1134?
14
Calculate the greatest common factor of 13 and 2587.
13
Calculate the greatest common factor of 642 and 8774.
214
Calculate the greatest common factor of 553 and 7.
7
What is the highest common factor of 87 and 15283?
29
Calculate the greatest common factor of 770 and 6622.
154
Calculate the highest common factor of 60 and 14220.
60
What is the greatest common divisor of 38 and 190?
38
What is the highest common divisor of 39 and 221?
13
What is the highest common divisor of 180 and 45?
45
Calculate the greatest common factor of 1739 and 703.
37
Calculate the highest common factor of 56 and 536.
8
What is the highest common factor of 1240 and 527?
31
Calculate the greatest common divisor of 117 and 403.
13
Calculate the greatest common divisor of 45 and 9.
9
What is the highest common divisor of 171 and 108?
9
What is the highest common factor of 576 and 396?
36
What is the highest common divisor of 1265 and 165?
55
Calculate the highest common factor of 9 and 13239.
9
What is the greatest common factor of 486 and 6?
6
Calculate the greatest common divisor of 870 and 551.
29
What is the highest common factor of 108 and 13548?
12
Calculate the highest common divisor of 492 and 12.
12
Calculate the highest common divisor of 304 and 4408.
152
What is the greatest common factor of 2093 and 897?
299
What is the highest common factor of 77 and 2233?
77
Calculate the highest common factor of 50 and 54850.
50
What is the highest common factor of 113450 and 50?
50
What is the highest common factor of 42 and 321?
3
Calculate the greatest common divisor of 4179 and 21.
21
Calculate the highest common divisor of 623 and 49.
7
What is the highest common divisor of 6400 and 200?
200
What is the highest common factor of 94 and 611?
47
Calculate the greatest common divisor of 10 and 2080.
10
Calculate the highest common divisor of 11450 and 50.
50
What is the greatest common factor of 88 and 72?
8
Calculate the greatest common factor of 2868 and 708.
12
What is the highest common divisor of 9713 and 11?
11
What is the greatest common divisor of 270 and 540?
270
Calculate the highest common factor of 209 and 2145.
11
What is the highest common divisor of 891 and 231?
33
What is the greatest common divisor of 891 and 10395?
297
Calculate the greatest common divisor of 871 and 143.
13
Calculate the greatest common factor of 44 and 2916.
4
Calculate the greatest common factor of 1134 and 2.
2
What is the highest common divisor of 210 and 22470?
210
Calculate the highest common divisor of 402 and 2613.
201
What is the highest common divisor of 70 and 224?
14
Calculate the highest common factor of 11599 and 7.
7
What is the greatest common factor of 8075 and 325?
25
Calculate the highest common divisor of 27 and 495.
9
Calculate the greatest common factor of 5 and 15655.
5
Calculate the highest common divisor of 441 and 9.
9
Calculate the greatest common factor of 140 and 27580.
140
What is the highest common divisor of 400 and 16?
16
What is the highest common divisor of 6223 and 49?
49
What is the highest common factor of 14 and 5488?
14
Calculate the greatest common factor of 133 and 203.
7
Calculate the highest common factor of 8 and 34.
2
Calculate the highest common factor of 84 and 21.
21
Calculate the greatest common divisor of 1032 and 6450.
258
Calculate the greatest common divisor of 1414 and 5050.
202
What is the greatest common factor of 2888 and 152?
152
What is the highest common factor of 336 and 126?
42
Calculate the greatest common factor of 108 and 81.
27
What is the highest common divisor of 154 and 3234?
154
Calculate the highest common divisor of 4 and 1138.
2
Calculate the greatest common factor of 7 and 161.
7
Calculate the highest common divisor of 7 and 189.
7
What is the highest common factor of 944 and 320?
16
Calculate the greatest common factor of 990 and 270.
90
Calculate the greatest common factor of 6 and 768.
6
Calculate the highest common divisor of 1128 and 2162.
94
Calculate the greatest common factor of 208 and 2834.
26
Calculate the greatest common factor of 612 and 170.
34
What is the greatest common divisor of 56 and 168?
56
What is the greatest common divisor of 171 and 456?
57
Calculate the highest common factor of 192 and 864.
96
What is the greatest common divisor of 22 and 946?
22
What is the greatest common factor of 2516 and 24?
4
Calculate the highest common divisor of 1016 and 635.
127
What is the highest common factor of 4 and 268?
4
What is the greatest common divisor of 64 and 40000?
64
What is the greatest common divisor of 660 and 2450?
10
Calculate the greatest common factor of 1 and 16.
1
What is the highest common divisor of 24 and 420?
12
Calculate the greatest common divisor of 2022 and 6.
6
Calculate the greatest common factor of 371 and 159.
53
Calculate the highest common divisor of 196 and 4.
4
Calculate the highest common factor of 6828 and 12.
12
Calculate the highest common factor of 7 and 175.
7
Calculate the greatest common divisor of 1232 and 44.
44
What is the greatest common divisor of 247 and 13?
13
Calculate the greatest common factor of 902 and 328.
82
What is the greatest common factor of 164 and 1681?
41
What is the greatest common factor of 2060 and 60?
20
Calculate the greatest common divisor of 60 and 390.
30
Calculate the highest common divisor of 2494 and 87.
29
What is the highest common divisor of 36 and 172?
4
Calculate the greatest common factor of 336 and 32.
16
Calculate the highest common divisor of 185 and 629.
37
What is the highest common divisor of 2375 and 75?
25
Calculate the greatest common divisor of 111 and 629.
37
Calculate the highest common divisor of 48 and 18.
6
Calculate the highest common factor of 135 and 315.
45
What is the highest common divisor of 163 and 10432?
163
What is the highest common factor of 12249 and 9?
9
What is the greatest common divisor of 14 and 49?
7
What is the highest common divisor of 539 and 121?
11
What is the highest common factor of 40 and 17320?
40
What is the greatest common divisor of 280 and 1736?
56
What is the greatest common factor of 858 and 468?
78
What is the greatest common divisor of 5198 and 46?
46
Calculate the greatest common divisor of 1696 and 106.
106
What is the greatest common factor of 203 and 224?
7
Calculate the greatest common divisor of 692 and 16.
4
What is the greatest common divisor of 2457 and 182?
91
Calculate the greatest common factor of 203 and 116.
29
What is the highest common divisor of 134 and 2?
2
Calculate the greatest common factor of 88 and 1628.
44
Calculate the highest common factor of 29 and 2929.
29
Calculate the highest common divisor of 136 and 17.
17
What is the highest common factor of 16 and 1648?
16
What is the greatest common divisor of 4 and 35716?
4
Calculate the highest common factor of 32 and 6.
2
What is the highest common divisor of 28 and 756?
28
What is the greatest common factor of 94 and 3713?
47
Calculate the highest common divisor of 35 and 595.
